13, 19, 29
List the prime factors of 31899.
3, 7, 31
List the prime factors of 4896.
2, 3, 17
What are the prime factors of 1820?
2, 5, 7, 13
What are the prime factors of 3768?
2, 3, 157
List the prime factors of 93502.
2, 46751
List the prime factors of 24133.
24133
What are the prime factors of 101424?
2, 3, 2113
What are the prime factors of 135646?
2, 7, 9689
What are the prime factors of 277?
277
What are the prime factors of 9717?
3, 41, 79
What are the prime factors of 75184?
2, 37, 127
List the prime factors of 96224.
2, 31, 97
List the prime factors of 503.
503
List the prime factors of 1194.
2, 3, 199
What are the prime factors of 20906?
2, 10453
List the prime factors of 5221.
23, 227
List the prime factors of 3064.
2, 383
What are the prime factors of 46478?
2, 17, 1367
List the prime factors of 10383.
3, 3461
List the prime factors of 8116.
2, 2029
List the prime factors of 44357.
44357
List the prime factors of 1333.
31, 43
What are the prime factors of 8288?
2, 7, 37
What are the prime factors of 13503?
3, 7, 643
What are the prime factors of 657?
3, 73
What are the prime factors of 45286?
2, 22643
What are the prime factors of 1421?
7, 29
What are the prime factors of 1739?
37, 47
What are the prime factors of 36196?
2, 9049
What are the prime factors of 2241?
3, 83
What are the prime factors of 326?
2, 163
What are the prime factors of 25971?
3, 11, 787
List the prime factors of 631.
631
List the prime factors of 107344.
2, 6709
List the prime factors of 5819.
11, 23
List the prime factors of 2757.
3, 919
What are the prime factors of 11859?
3, 59, 67
What are the prime factors of 3319?
3319
What are the prime factors of 2432?
2, 19
What are the prime factors of 13815?
3, 5, 307
List the prime factors of 1545.
3, 5, 103
List the prime factors of 9478.
2, 7, 677
What are the prime factors of 38961?
3, 13, 37
What are the prime factors of 4745?
5, 13, 73
What are the prime factors of 20364?
2, 3, 1697
List the prime factors of 3162.
2, 3, 17, 31
List the prime factors of 15275.
5, 13, 47
List the prime factors of 100028.
2, 17, 1471
What are the prime factors of 60048?
2, 3, 139
List the prime factors of 30600.
2, 3, 5, 17
What are the prime factors of 17616?
2, 3, 367
What are the prime factors of 61487?
61487
What are the prime factors of 78635?
5, 15727
What are the prime factors of 921?
3, 307
What are the prime factors of 3167?
3167
What are the prime factors of 3767?
3767
What are the prime factors of 12668?
2, 3167
What are the prime factors of 50517?
3, 1871
What are the prime factors of 2912?
2, 7, 13
What are the prime factors of 1821?
3, 607
List the prime factors of 33829.
33829
What are the prime factors of 1158?
2, 3, 193
What are the prime factors of 44282?
2, 7, 3163
What are the prime factors of 688?
2, 43
What are the prime factors of 12517?
12517
What are the prime factors of 1811?
1811
List the prime factors of 8886.
2, 3, 1481
What are the prime factors of 16301?
16301
List the prime factors of 4279.
11, 389
What are the prime factors of 2599?
23, 113
List the prime factors of 5679.
3, 631
List the prime factors of 1081.
23, 47
What are the prime factors of 94564?
2, 47, 503
What are the prime factors of 221?
13, 17
List the prime factors of 1043.
7, 149
What are the prime factors of 17605?
5, 7, 503
List the prime factors of 3741.
3, 29, 43
List the prime factors of 2270.
2, 5, 227
What are the prime factors of 995?
5, 199
List the prime factors of 18695.
5, 3739
List the prime factors of 20774.
2, 13, 17, 47
What are the prime factors of 38876?
2, 9719
What are the prime factors of 37286?
2, 103, 181
List the prime factors of 7921.
89
What are the prime factors of 100538?
2, 17, 2957
List the prime factors of 8987.
11, 19, 43
What are the prime factors of 485?
5, 97
What are the prime factors of 171977?
13, 13229
What are the prime factors of 2720?
2, 5, 17
What are the prime factors of 418?
2, 11, 19
What are the prime factors of 1836?
2, 3, 17
List the prime factors of 9931.
9931
List the prime factors of 1991.
11, 181
What are the prime factors of 426?
2, 3, 71
List the prime factors of 1149.
3, 383
List the prime factors of 1647.
3, 61
List the prime factors of 77982.
2, 3, 41, 317
What are the prime factors of 22249?
19, 1171
What are the prime factors of 50891?
50891
List the prime factors of 2054.
2, 13, 79
What are the prime factors of 1968?
2, 3, 41
What are the prime factors of 3126?
2, 3, 521
What are the prime factors of 1177?
11, 107
What are the prime factors of 23256?
2, 3, 17, 19
What are the prime factors of 207100?
2, 5, 19, 109
What are the prime factors of 10380?
2, 3, 5, 173
List the prime factors of 40754.
2, 7, 41, 71
What are the prime factors of 2925?
3, 5, 13
What are the prime factors of 5660?
2, 5, 283
What are the prime factors of 10491?
3, 13, 269
What are the prime factors of 150913?
7, 21559
List the prime factors of 707.
7, 101
What are the prime factors of 4335?
3, 5, 17
List the prime factors of 2797.
2797
List the prime factors of 1252.
2, 313
What are the prime factors of 1507?
11, 137
What are the prime factors of 7012?
2, 1753
What are the prime factors of 7736?
2, 967
What are the prime factors of 31?
31
List the prime factors of 593.
593
List the prime factors of 35427.
3, 7, 241
What are the prime factors of 18609?
3, 6203
What are the prime factors of 1354?
2, 677
What are the prime factors of 6612?
2, 3, 19, 29
What are the prime factors of 22313?
53, 421
List the prime factors of 40250.
2, 5, 7, 23
What are the prime factors of 45598?
2, 7, 3257
List the prime factors of 16321.
19, 859
What are the prime factors of 23385?
3, 5, 1559
List the prime factors of 2437.
2437
List the prime factors of 6720.
2, 3, 5, 7
What are the prime factors of 5228?
2, 1307
What are the prime factors of 443?
443
What are the prime factors of 2759?
31, 89
List the prime factors of 42424.
2, 5303
What are the prime factors of 87?
3, 29
What are the prime factors of 8518?
2, 4259
What are the prime factors of 1099?
7, 157
What are the prime factors of 10627?
10627
What are the prime factors of 6750?
2, 3, 5
What are the prime factors of 462?
2, 3, 7, 11
List the prime factors of 11922.
2, 3, 1987
List the prime factors of 141420.
2, 3, 5, 2357
What are the prime factors of 18219?
3, 6073
What are the prime factors of 33321?
3, 29, 383
What are the prime factors of 90260?
2, 5, 4513
List the prime factors of 660.
2, 3, 5, 11
List the prime factors of 26069.
131, 199
List the prime factors of 7173.
3, 797
What are the prime factors of 98?
2, 7
List the prime factors of 1876.
2, 7, 67
What are the prime factors of 8038?
2, 4019
List the prime factors of 8432.
2, 17, 31
What are the prime factors of 22733?
127, 179
What are the prime factors of 3870?
2, 3, 5, 43
What are the prime factors of 228?
2, 3, 19
List the prime factors of 9159.
3, 43, 71
List the prime factors of 6730.
2, 5, 673
What are the prime factors of 619?
619
What are the prime factors of 53312?
2, 7, 17
List the prime factors of 62443.
41, 1523
What are the prime factors of 7494?
2, 3, 1249
What are the prime factors of 6392?
2, 17, 47
List the prime factors of 1765.
5, 353
List the prime factors of 77213.
77213
List the prime factors of 3860.
2, 5, 193
What are the prime factors of 670?
2, 5, 67
List the prime factors of 36965.
5, 7393
What are the prime factors of 304?
2, 19
What are the prime factors of 1814?
2, 907
List the prime factors of 6797.
7, 971
What are the prime factors of 12638?
2, 71, 89
What are the prime factors of 23574?
2, 3, 3929
List the prime factors of 103.
103
List the prime factors of 16697.
59, 283
List the prime factors of 4300.
2, 5, 43
List the prime factors of 1011.
3, 337
What are the prime factors of 587?
587
List the prime factors of 6912.
2, 3
List the prime factors of 165.
3, 5, 11
List the prime factors of 1201.
1201
What are the prime factors of 4221?
3, 7, 67
What are the prime factors of 27825?
3, 5, 7, 53
What are the prime factors of 79165?
5, 71, 223
What are the prime factors of 4905?
3, 5, 109
List the prime factors of 144.
2, 3
What are the prime factors of 735?
3, 5, 7
What are the prime factors of 51454?
2, 13, 1979
List the prime factors of 426.
2, 3, 71
What are the